{"id":290,"date":"2024-03-04T14:43:19","date_gmt":"2024-03-04T13:43:19","guid":{"rendered":"https:\/\/www.foab.se\/nynoctu\/?page_id=290"},"modified":"2024-04-02T15:53:33","modified_gmt":"2024-04-02T13:53:33","slug":"systemfunktioner","status":"publish","type":"page","link":"https:\/\/www.foab.se\/noctu\/index.php\/systemfunktioner\/","title":{"rendered":"Systemfunktioner"},"content":{"rendered":"\n<hr class=\"wp-block-separator alignwide has-text-color has-base-2-color has-alpha-channel-opacity has-base-2-background-color has-background is-style-wide\" style=\"margin-top:0;margin-bottom:0\"\/>\n\n\n\n<div class=\"wp-block-group alignfull has-accent-5-background-color has-background has-global-padding is-layout-constrained wp-block-group-is-layout-constrained\" style=\"margin-top:0;margin-bottom:0;padding-top:var(--wp--preset--spacing--50);padding-right:var(--wp--preset--spacing--50);padding-bottom:var(--wp--preset--spacing--50);padding-left:var(--wp--preset--spacing--50)\">\n<div class=\"wp-block-group alignwide has-global-padding is-layout-constrained wp-container-core-group-layout-1 wp-block-group-is-layout-constrained\">\n<div class=\"wp-block-columns alignwide is-layout-flex wp-container-core-columns-layout-1 wp-block-columns-is-layout-flex\">\n<div class=\"wp-block-column is-layout-flow wp-block-column-is-layout-flow\" style=\"flex-basis:50%\">\n<figure class=\"wp-block-image size-large is-style-rounded\"><img loading=\"lazy\" decoding=\"async\" width=\"1024\" height=\"683\" src=\"https:\/\/www.foab.se\/noctu\/wp-content\/uploads\/2024\/04\/shutterstock_699587035-scaled-1-1024x683.jpg\" alt=\"\" class=\"wp-image-692\" srcset=\"https:\/\/www.foab.se\/noctu\/wp-content\/uploads\/2024\/04\/shutterstock_699587035-scaled-1-1024x683.jpg 1024w, https:\/\/www.foab.se\/noctu\/wp-content\/uploads\/2024\/04\/shutterstock_699587035-scaled-1-300x200.jpg 300w, https:\/\/www.foab.se\/noctu\/wp-content\/uploads\/2024\/04\/shutterstock_699587035-scaled-1-768x512.jpg 768w, https:\/\/www.foab.se\/noctu\/wp-content\/uploads\/2024\/04\/shutterstock_699587035-scaled-1-1536x1024.jpg 1536w, https:\/\/www.foab.se\/noctu\/wp-content\/uploads\/2024\/04\/shutterstock_699587035-scaled-1-2048x1366.jpg 2048w\" sizes=\"(max-width: 1024px) 100vw, 1024px\" \/><\/figure>\n<\/div>\n\n\n\n<div class=\"wp-block-column is-vertically-aligned-center is-layout-flow wp-block-column-is-layout-flow\" style=\"flex-basis:40%\">\n<h3 class=\"wp-block-heading is-style-default has-body-font-family\"><strong>Inbrottslarm<\/strong><\/h3>\n\n\n\n<ul>\n<li>Fr\u00e5n- och tillkoppling av detektorer och grupper. \u00c4ven med schemal\u00e4ggning samt tidsfr\u00e5nkoppling.<\/li>\n\n\n\n<li>Styr inbrottslarm automatiskt med veckoscheman.<\/li>\n\n\n\n<li>Koppla fr\u00e5n automatiskt vid t.ex. ett brandlarm s\u00e5 att r\u00e4ddningstj\u00e4nst kommer in.<\/li>\n\n\n\n<li>Fel som batterifel, sabotage osv. presenteras i Noctu.<\/li>\n\n\n\n<li>\u00d6verblicka ett stort antal larmgrupper och statusl\u00e4gen fr\u00e5n en och samma bildsk\u00e4rm.<br><\/li>\n<\/ul>\n<\/div>\n<\/div>\n<\/div>\n<\/div>\n\n\n\n<hr class=\"wp-block-separator alignwide has-text-color has-base-2-color has-alpha-channel-opacity has-base-2-background-color has-background is-style-wide\" style=\"margin-top:0;margin-bottom:0\"\/>\n\n\n\n<div class=\"wp-block-group alignfull has-background has-global-padding is-layout-constrained wp-block-group-is-layout-constrained\" style=\"background-color:#ffffff;margin-top:0;margin-bottom:0;padding-top:var(--wp--preset--spacing--50);padding-right:var(--wp--preset--spacing--50);padding-bottom:var(--wp--preset--spacing--50);padding-left:var(--wp--preset--spacing--50)\">\n<div class=\"wp-block-group alignwide has-global-padding is-layout-constrained wp-container-core-group-layout-3 wp-block-group-is-layout-constrained\">\n<div class=\"wp-block-columns alignwide is-layout-flex wp-container-core-columns-layout-2 wp-block-columns-is-layout-flex\">\n<div class=\"wp-block-column is-vertically-aligned-center is-layout-flow wp-block-column-is-layout-flow\" style=\"flex-basis:40%\">\n<h3 class=\"wp-block-heading is-style-default has-body-font-family\"><strong>Brandlarm<\/strong><\/h3>\n\n\n\n<ul>\n<li>Fr\u00e5n- och tillkoppling av detektorer och grupper. \u00c4ven med schemal\u00e4ggning.<\/li>\n\n\n\n<li>Tidsfr\u00e5nkoppling f\u00f6r alla fabrikat.<\/li>\n\n\n\n<li>Ett brandlarm kan styra funktioner i anl\u00e4ggningen som t.ex. t\u00e4nda belysning och l\u00e5sa upp entr\u00e9er s\u00e5 att r\u00e4ddningstj\u00e4nst kommer in.<\/li>\n\n\n\n<li>Smutsighetsv\u00e4rden p\u00e5 detektorer och smutslarm presenteras.<\/li>\n\n\n\n<li>Listor \u00f6ver smutsiga detektorer presenteras.<\/li>\n<\/ul>\n<\/div>\n\n\n\n<div class=\"wp-block-column is-layout-flow wp-block-column-is-layout-flow\" style=\"flex-basis:50%\">\n<figure class=\"wp-block-image size-large is-style-rounded\"><img loading=\"lazy\" decoding=\"async\" width=\"1024\" height=\"643\" src=\"https:\/\/www.foab.se\/noctu\/wp-content\/uploads\/2024\/03\/shutterstock_2324357841-scaled-1-1024x643.jpg\" alt=\"\" class=\"wp-image-297\" srcset=\"https:\/\/www.foab.se\/noctu\/wp-content\/uploads\/2024\/03\/shutterstock_2324357841-scaled-1-1024x643.jpg 1024w, https:\/\/www.foab.se\/noctu\/wp-content\/uploads\/2024\/03\/shutterstock_2324357841-scaled-1-300x188.jpg 300w, https:\/\/www.foab.se\/noctu\/wp-content\/uploads\/2024\/03\/shutterstock_2324357841-scaled-1-768x482.jpg 768w, https:\/\/www.foab.se\/noctu\/wp-content\/uploads\/2024\/03\/shutterstock_2324357841-scaled-1-1536x965.jpg 1536w, https:\/\/www.foab.se\/noctu\/wp-content\/uploads\/2024\/03\/shutterstock_2324357841-scaled-1-2048x1286.jpg 2048w\" sizes=\"(max-width: 1024px) 100vw, 1024px\" \/><\/figure>\n<\/div>\n<\/div>\n<\/div>\n<\/div>\n\n\n\n<hr class=\"wp-block-separator alignwide has-text-color has-base-2-color has-alpha-channel-opacity has-base-2-background-color has-background is-style-wide\" style=\"margin-top:0;margin-bottom:0\"\/>\n\n\n\n<div class=\"wp-block-group alignfull has-accent-5-background-color has-background has-global-padding is-layout-constrained wp-block-group-is-layout-constrained\" style=\"margin-top:0;margin-bottom:0;padding-top:var(--wp--preset--spacing--50);padding-right:var(--wp--preset--spacing--50);padding-bottom:var(--wp--preset--spacing--50);padding-left:var(--wp--preset--spacing--50)\">\n<div class=\"wp-block-group alignwide has-global-padding is-layout-constrained wp-container-core-group-layout-5 wp-block-group-is-layout-constrained\">\n<div class=\"wp-block-columns alignwide is-layout-flex wp-container-core-columns-layout-3 wp-block-columns-is-layout-flex\">\n<div class=\"wp-block-column is-layout-flow wp-block-column-is-layout-flow\" style=\"flex-basis:50%\">\n<figure class=\"wp-block-image size-large is-style-rounded\"><img loading=\"lazy\" decoding=\"async\" width=\"1024\" height=\"656\" src=\"https:\/\/www.foab.se\/noctu\/wp-content\/uploads\/2024\/03\/shutterstock_610811738-scaled-1-1024x656.jpg\" alt=\"\" class=\"wp-image-299\" srcset=\"https:\/\/www.foab.se\/noctu\/wp-content\/uploads\/2024\/03\/shutterstock_610811738-scaled-1-1024x656.jpg 1024w, https:\/\/www.foab.se\/noctu\/wp-content\/uploads\/2024\/03\/shutterstock_610811738-scaled-1-300x192.jpg 300w, https:\/\/www.foab.se\/noctu\/wp-content\/uploads\/2024\/03\/shutterstock_610811738-scaled-1-768x492.jpg 768w, https:\/\/www.foab.se\/noctu\/wp-content\/uploads\/2024\/03\/shutterstock_610811738-scaled-1-1536x984.jpg 1536w, https:\/\/www.foab.se\/noctu\/wp-content\/uploads\/2024\/03\/shutterstock_610811738-scaled-1-2048x1312.jpg 2048w\" sizes=\"(max-width: 1024px) 100vw, 1024px\" \/><\/figure>\n<\/div>\n\n\n\n<div class=\"wp-block-column is-vertically-aligned-center is-layout-flow wp-block-column-is-layout-flow\" style=\"flex-basis:40%\">\n<h3 class=\"wp-block-heading is-style-default has-body-font-family\"><strong>Passagesystem<\/strong><\/h3>\n\n\n\n<ul>\n<li>Styrning av d\u00f6rrar &#8211; \u00f6ppna, st\u00e4ng, l\u00e5s, blockera osv.<\/li>\n\n\n\n<li>M\u00e5nga olika typer av larm p\u00e5 d\u00f6rrar &#8211; d\u00f6rr \u00f6ppen f\u00f6r l\u00e4nge, d\u00f6rr uppbruten, sabotage, hotkod osv.<\/li>\n\n\n\n<li>Se vem som senast har passerat genom en d\u00f6rr.<\/li>\n\n\n\n<li>Logg \u00f6ver alla passeringar.<\/li>\n\n\n\n<li>Passeringar och larm p\u00e5 en d\u00f6rr kan aktivera h\u00e4ndelser som t.ex. rikta en kamera mot d\u00f6rren och starta inspelning.<\/li>\n<\/ul>\n<\/div>\n<\/div>\n<\/div>\n<\/div>\n\n\n\n<hr class=\"wp-block-separator alignwide has-text-color has-base-2-color has-alpha-channel-opacity has-base-2-background-color has-background is-style-wide\" style=\"margin-top:0;margin-bottom:0\"\/>\n\n\n\n<div class=\"wp-block-group alignfull has-background has-global-padding is-layout-constrained wp-block-group-is-layout-constrained\" style=\"background-color:#ffffff;margin-top:0;margin-bottom:0;padding-top:var(--wp--preset--spacing--50);padding-right:var(--wp--preset--spacing--50);padding-bottom:var(--wp--preset--spacing--50);padding-left:var(--wp--preset--spacing--50)\">\n<div class=\"wp-block-group alignwide has-global-padding is-layout-constrained wp-container-core-group-layout-7 wp-block-group-is-layout-constrained\">\n<div class=\"wp-block-columns alignwide is-layout-flex wp-container-core-columns-layout-4 wp-block-columns-is-layout-flex\">\n<div class=\"wp-block-column is-vertically-aligned-center is-layout-flow wp-block-column-is-layout-flow\" style=\"flex-basis:40%\">\n<h3 class=\"wp-block-heading is-style-default has-body-font-family\"><strong>Kamerasystem<\/strong><\/h3>\n\n\n\n<ul>\n<li>Livebilder fr\u00e5n kameror.<\/li>\n\n\n\n<li>Visning av inspelat material.<\/li>\n\n\n\n<li>Larm fr\u00e5n kameror vid t.ex. r\u00f6relse i kamerabild eller \u00f6vert\u00e4ckning av kamera.<\/li>\n\n\n\n<li>Styrning av kameror (PTZ).<\/li>\n\n\n\n<li>En kamera kan riktas mot f\u00f6rvalda vyer genom att klicka p\u00e5 omr\u00e5den i ritningar.<\/li>\n\n\n\n<li>Kameror kan styras automatiskt beroende av larm och andra h\u00e4ndelser i Noctu.<\/li>\n\n\n\n<li>Inspelningar till larm kan visas automatiskt vid klick p\u00e5 h\u00e4ndelser i loggboken.<\/li>\n<\/ul>\n<\/div>\n\n\n\n<div class=\"wp-block-column is-layout-flow wp-block-column-is-layout-flow\" style=\"flex-basis:50%\">\n<figure class=\"wp-block-image size-large is-style-rounded\"><img loading=\"lazy\" decoding=\"async\" width=\"1024\" height=\"540\" src=\"https:\/\/www.foab.se\/noctu\/wp-content\/uploads\/2024\/03\/shutterstock_2304324401-scaled-1-1024x540.jpg\" alt=\"\" class=\"wp-image-303\" srcset=\"https:\/\/www.foab.se\/noctu\/wp-content\/uploads\/2024\/03\/shutterstock_2304324401-scaled-1-1024x540.jpg 1024w, https:\/\/www.foab.se\/noctu\/wp-content\/uploads\/2024\/03\/shutterstock_2304324401-scaled-1-300x158.jpg 300w, https:\/\/www.foab.se\/noctu\/wp-content\/uploads\/2024\/03\/shutterstock_2304324401-scaled-1-768x405.jpg 768w, https:\/\/www.foab.se\/noctu\/wp-content\/uploads\/2024\/03\/shutterstock_2304324401-scaled-1-1536x810.jpg 1536w, https:\/\/www.foab.se\/noctu\/wp-content\/uploads\/2024\/03\/shutterstock_2304324401-scaled-1-2048x1080.jpg 2048w\" sizes=\"(max-width: 1024px) 100vw, 1024px\" \/><\/figure>\n<\/div>\n<\/div>\n<\/div>\n<\/div>\n\n\n\n<hr class=\"wp-block-separator alignwide has-text-color has-base-2-color has-alpha-channel-opacity has-base-2-background-color has-background is-style-wide\" style=\"margin-top:0;margin-bottom:0\"\/>\n\n\n\n<div class=\"wp-block-group alignfull has-accent-5-background-color has-background has-global-padding is-layout-constrained wp-block-group-is-layout-constrained\" style=\"margin-top:0;margin-bottom:0;padding-top:var(--wp--preset--spacing--50);padding-right:var(--wp--preset--spacing--50);padding-bottom:var(--wp--preset--spacing--50);padding-left:var(--wp--preset--spacing--50)\">\n<div class=\"wp-block-group alignwide has-global-padding is-layout-constrained wp-container-core-group-layout-9 wp-block-group-is-layout-constrained\">\n<div class=\"wp-block-columns alignwide is-layout-flex wp-container-core-columns-layout-5 wp-block-columns-is-layout-flex\">\n<div class=\"wp-block-column is-layout-flow wp-block-column-is-layout-flow\" style=\"flex-basis:50%\">\n<figure class=\"wp-block-image size-large is-style-rounded\"><img loading=\"lazy\" decoding=\"async\" width=\"1024\" height=\"683\" src=\"https:\/\/www.foab.se\/noctu\/wp-content\/uploads\/2024\/03\/shutterstock_749767765-scaled-1-1024x683.jpg\" alt=\"\" class=\"wp-image-307\" srcset=\"https:\/\/www.foab.se\/noctu\/wp-content\/uploads\/2024\/03\/shutterstock_749767765-scaled-1-1024x683.jpg 1024w, https:\/\/www.foab.se\/noctu\/wp-content\/uploads\/2024\/03\/shutterstock_749767765-scaled-1-300x200.jpg 300w, https:\/\/www.foab.se\/noctu\/wp-content\/uploads\/2024\/03\/shutterstock_749767765-scaled-1-768x512.jpg 768w, https:\/\/www.foab.se\/noctu\/wp-content\/uploads\/2024\/03\/shutterstock_749767765-scaled-1-1536x1025.jpg 1536w, https:\/\/www.foab.se\/noctu\/wp-content\/uploads\/2024\/03\/shutterstock_749767765-scaled-1-2048x1366.jpg 2048w\" sizes=\"(max-width: 1024px) 100vw, 1024px\" \/><\/figure>\n<\/div>\n\n\n\n<div class=\"wp-block-column is-vertically-aligned-center is-layout-flow wp-block-column-is-layout-flow\" style=\"flex-basis:40%\">\n<h3 class=\"wp-block-heading is-style-default has-body-font-family\"><strong>Driftsystem<\/strong><\/h3>\n\n\n\n<ul>\n<li>Temperaturer och fuktv\u00e4rden p\u00e5 detektorer visas direkt p\u00e5 symboler p\u00e5 ritningarna.<\/li>\n\n\n\n<li>Graf \u00f6ver historik vid pekning p\u00e5 symbol p\u00e5 ritning.<\/li>\n\n\n\n<li>Larm vid gr\u00e4nsv\u00e4rden.<\/li>\n\n\n\n<li>Noctu kan bevaka och logga v\u00e4rden och larma utvald personal via email och sms f\u00f6r vidare \u00e5tg\u00e4rd.<\/li>\n\n\n\n<li>Statistik \u00f6ver larm kan enkelt plockas ut.<\/li>\n<\/ul>\n<\/div>\n<\/div>\n<\/div>\n<\/div>\n\n\n\n<hr class=\"wp-block-separator alignwide has-text-color has-base-2-color has-alpha-channel-opacity has-base-2-background-color has-background is-style-wide\" style=\"margin-top:0;margin-bottom:0\"\/>\n\n\n\n<div class=\"wp-block-group alignfull has-background has-global-padding is-layout-constrained wp-block-group-is-layout-constrained\" style=\"background-color:#ffffff;margin-top:0;margin-bottom:0;padding-top:var(--wp--preset--spacing--50);padding-right:var(--wp--preset--spacing--50);padding-bottom:var(--wp--preset--spacing--50);padding-left:var(--wp--preset--spacing--50)\">\n<div class=\"wp-block-group alignwide has-global-padding is-layout-constrained wp-container-core-group-layout-11 wp-block-group-is-layout-constrained\">\n<div class=\"wp-block-columns alignwide is-layout-flex wp-container-core-columns-layout-6 wp-block-columns-is-layout-flex\">\n<div class=\"wp-block-column is-vertically-aligned-center is-layout-flow wp-block-column-is-layout-flow\" style=\"flex-basis:40%\">\n<h3 class=\"wp-block-heading is-style-default has-body-font-family\"><strong>Kartor och positionering<\/strong> <\/h3>\n\n\n\n<ul>\n<li>Positionering av enheter p\u00e5 kartor i Noctu med GPS-koordinater.<\/li>\n\n\n\n<li>\u00c4ven planritningar kan anv\u00e4ndas f\u00f6r positionering.<\/li>\n\n\n\n<li>M\u00f6jlighet till anv\u00e4ndning av olika system f\u00f6r positionering.<\/li>\n<\/ul>\n<\/div>\n\n\n\n<div class=\"wp-block-column is-layout-flow wp-block-column-is-layout-flow\" style=\"flex-basis:50%\">\n<figure class=\"wp-block-image size-large\"><img loading=\"lazy\" decoding=\"async\" width=\"1024\" height=\"576\" src=\"https:\/\/www.foab.se\/noctu\/wp-content\/uploads\/2024\/03\/image-1024x576.png\" alt=\"\" class=\"wp-image-314\" srcset=\"https:\/\/www.foab.se\/noctu\/wp-content\/uploads\/2024\/03\/image-1024x576.png 1024w, https:\/\/www.foab.se\/noctu\/wp-content\/uploads\/2024\/03\/image-300x169.png 300w, https:\/\/www.foab.se\/noctu\/wp-content\/uploads\/2024\/03\/image-768x432.png 768w, https:\/\/www.foab.se\/noctu\/wp-content\/uploads\/2024\/03\/image-1536x864.png 1536w, https:\/\/www.foab.se\/noctu\/wp-content\/uploads\/2024\/03\/image-2048x1152.png 2048w\" sizes=\"(max-width: 1024px) 100vw, 1024px\" \/><\/figure>\n<\/div>\n<\/div>\n<\/div>\n<\/div>\n","protected":false},"excerpt":{"rendered":"<p>Inbrottslarm Brandlarm Passagesystem Kamerasystem Driftsystem Kartor och positionering<\/p>\n","protected":false},"author":2,"featured_media":0,"parent":0,"menu_order":0,"comment_status":"closed","ping_status":"closed","template":"","meta":{"om_disable_all_campaigns":false,"_monsterinsights_skip_tracking":false,"_monsterinsights_sitenote_active":false,"_monsterinsights_sitenote_note":"","_monsterinsights_sitenote_category":0,"_uf_show_specific_survey":0,"_uf_disable_surveys":false,"footnotes":""},"aioseo_notices":[],"yoast_head":"<!-- This site is optimized with the Yoast SEO plugin v22.3 - https:\/\/yoast.com\/wordpress\/plugins\/seo\/ -->\n<title>Systemfunktioner - Noctu<\/title>\n<meta name=\"robots\" content=\"index, follow, max-snippet:-1, max-image-preview:large, max-video-preview:-1\" \/>\n<link rel=\"canonical\" href=\"https:\/\/www.foab.se\/noctu\/index.php\/systemfunktioner\/\" \/>\n<meta property=\"og:locale\" content=\"sv_SE\" \/>\n<meta property=\"og:type\" content=\"article\" \/>\n<meta property=\"og:title\" content=\"Systemfunktioner - Noctu\" \/>\n<meta property=\"og:description\" content=\"Inbrottslarm Brandlarm Passagesystem Kamerasystem Driftsystem Kartor och positionering\" \/>\n<meta property=\"og:url\" content=\"https:\/\/www.foab.se\/noctu\/index.php\/systemfunktioner\/\" \/>\n<meta property=\"og:site_name\" content=\"Noctu\" \/>\n<meta property=\"article:modified_time\" content=\"2024-04-02T13:53:33+00:00\" \/>\n<meta property=\"og:image\" content=\"https:\/\/www.foab.se\/noctu\/wp-content\/uploads\/2024\/04\/shutterstock_699587035-scaled-1-1024x683.jpg\" \/>\n<meta name=\"twitter:card\" content=\"summary_large_image\" \/>\n<meta name=\"twitter:label1\" content=\"Ber\u00e4knad l\u00e4stid\" \/>\n\t<meta name=\"twitter:data1\" content=\"2 minuter\" \/>\n<script type=\"application\/ld+json\" class=\"yoast-schema-graph\">{\"@context\":\"https:\/\/schema.org\",\"@graph\":[{\"@type\":\"WebPage\",\"@id\":\"https:\/\/www.foab.se\/noctu\/index.php\/systemfunktioner\/\",\"url\":\"https:\/\/www.foab.se\/noctu\/index.php\/systemfunktioner\/\",\"name\":\"Systemfunktioner - Noctu\",\"isPartOf\":{\"@id\":\"https:\/\/www.foab.se\/noctu\/#website\"},\"primaryImageOfPage\":{\"@id\":\"https:\/\/www.foab.se\/noctu\/index.php\/systemfunktioner\/#primaryimage\"},\"image\":{\"@id\":\"https:\/\/www.foab.se\/noctu\/index.php\/systemfunktioner\/#primaryimage\"},\"thumbnailUrl\":\"https:\/\/www.foab.se\/noctu\/wp-content\/uploads\/2024\/04\/shutterstock_699587035-scaled-1-1024x683.jpg\",\"datePublished\":\"2024-03-04T13:43:19+00:00\",\"dateModified\":\"2024-04-02T13:53:33+00:00\",\"breadcrumb\":{\"@id\":\"https:\/\/www.foab.se\/noctu\/index.php\/systemfunktioner\/#breadcrumb\"},\"inLanguage\":\"sv-SE\",\"potentialAction\":[{\"@type\":\"ReadAction\",\"target\":[\"https:\/\/www.foab.se\/noctu\/index.php\/systemfunktioner\/\"]}]},{\"@type\":\"ImageObject\",\"inLanguage\":\"sv-SE\",\"@id\":\"https:\/\/www.foab.se\/noctu\/index.php\/systemfunktioner\/#primaryimage\",\"url\":\"https:\/\/www.foab.se\/noctu\/wp-content\/uploads\/2024\/04\/shutterstock_699587035-scaled-1.jpg\",\"contentUrl\":\"https:\/\/www.foab.se\/noctu\/wp-content\/uploads\/2024\/04\/shutterstock_699587035-scaled-1.jpg\",\"width\":2560,\"height\":1707},{\"@type\":\"BreadcrumbList\",\"@id\":\"https:\/\/www.foab.se\/noctu\/index.php\/systemfunktioner\/#breadcrumb\",\"itemListElement\":[{\"@type\":\"ListItem\",\"position\":1,\"name\":\"Home\",\"item\":\"https:\/\/www.foab.se\/noctu\/\"},{\"@type\":\"ListItem\",\"position\":2,\"name\":\"Systemfunktioner\"}]},{\"@type\":\"WebSite\",\"@id\":\"https:\/\/www.foab.se\/noctu\/#website\",\"url\":\"https:\/\/www.foab.se\/noctu\/\",\"name\":\"Noctu\",\"description\":\"\",\"publisher\":{\"@id\":\"https:\/\/www.foab.se\/noctu\/#organization\"},\"potentialAction\":[{\"@type\":\"SearchAction\",\"target\":{\"@type\":\"EntryPoint\",\"urlTemplate\":\"https:\/\/www.foab.se\/noctu\/?s={search_term_string}\"},\"query-input\":\"required name=search_term_string\"}],\"inLanguage\":\"sv-SE\"},{\"@type\":\"Organization\",\"@id\":\"https:\/\/www.foab.se\/noctu\/#organization\",\"name\":\"Noctu\",\"url\":\"https:\/\/www.foab.se\/noctu\/\",\"logo\":{\"@type\":\"ImageObject\",\"inLanguage\":\"sv-SE\",\"@id\":\"https:\/\/www.foab.se\/noctu\/#\/schema\/logo\/image\/\",\"url\":\"https:\/\/www.foab.se\/noctu\/wp-content\/uploads\/2024\/04\/image-1024x347-1-edited.png\",\"contentUrl\":\"https:\/\/www.foab.se\/noctu\/wp-content\/uploads\/2024\/04\/image-1024x347-1-edited.png\",\"width\":846,\"height\":287,\"caption\":\"Noctu\"},\"image\":{\"@id\":\"https:\/\/www.foab.se\/noctu\/#\/schema\/logo\/image\/\"}}]}<\/script>\n<!-- \/ Yoast SEO plugin. -->","yoast_head_json":{"title":"Systemfunktioner - Noctu","robots":{"index":"index","follow":"follow","max-snippet":"max-snippet:-1","max-image-preview":"max-image-preview:large","max-video-preview":"max-video-preview:-1"},"canonical":"https:\/\/www.foab.se\/noctu\/index.php\/systemfunktioner\/","og_locale":"sv_SE","og_type":"article","og_title":"Systemfunktioner - Noctu","og_description":"Inbrottslarm Brandlarm Passagesystem Kamerasystem Driftsystem Kartor och positionering","og_url":"https:\/\/www.foab.se\/noctu\/index.php\/systemfunktioner\/","og_site_name":"Noctu","article_modified_time":"2024-04-02T13:53:33+00:00","og_image":[{"url":"https:\/\/www.foab.se\/noctu\/wp-content\/uploads\/2024\/04\/shutterstock_699587035-scaled-1-1024x683.jpg"}],"twitter_card":"summary_large_image","twitter_misc":{"Ber\u00e4knad l\u00e4stid":"2 minuter"},"schema":{"@context":"https:\/\/schema.org","@graph":[{"@type":"WebPage","@id":"https:\/\/www.foab.se\/noctu\/index.php\/systemfunktioner\/","url":"https:\/\/www.foab.se\/noctu\/index.php\/systemfunktioner\/","name":"Systemfunktioner - Noctu","isPartOf":{"@id":"https:\/\/www.foab.se\/noctu\/#website"},"primaryImageOfPage":{"@id":"https:\/\/www.foab.se\/noctu\/index.php\/systemfunktioner\/#primaryimage"},"image":{"@id":"https:\/\/www.foab.se\/noctu\/index.php\/systemfunktioner\/#primaryimage"},"thumbnailUrl":"https:\/\/www.foab.se\/noctu\/wp-content\/uploads\/2024\/04\/shutterstock_699587035-scaled-1-1024x683.jpg","datePublished":"2024-03-04T13:43:19+00:00","dateModified":"2024-04-02T13:53:33+00:00","breadcrumb":{"@id":"https:\/\/www.foab.se\/noctu\/index.php\/systemfunktioner\/#breadcrumb"},"inLanguage":"sv-SE","potentialAction":[{"@type":"ReadAction","target":["https:\/\/www.foab.se\/noctu\/index.php\/systemfunktioner\/"]}]},{"@type":"ImageObject","inLanguage":"sv-SE","@id":"https:\/\/www.foab.se\/noctu\/index.php\/systemfunktioner\/#primaryimage","url":"https:\/\/www.foab.se\/noctu\/wp-content\/uploads\/2024\/04\/shutterstock_699587035-scaled-1.jpg","contentUrl":"https:\/\/www.foab.se\/noctu\/wp-content\/uploads\/2024\/04\/shutterstock_699587035-scaled-1.jpg","width":2560,"height":1707},{"@type":"BreadcrumbList","@id":"https:\/\/www.foab.se\/noctu\/index.php\/systemfunktioner\/#breadcrumb","itemListElement":[{"@type":"ListItem","position":1,"name":"Home","item":"https:\/\/www.foab.se\/noctu\/"},{"@type":"ListItem","position":2,"name":"Systemfunktioner"}]},{"@type":"WebSite","@id":"https:\/\/www.foab.se\/noctu\/#website","url":"https:\/\/www.foab.se\/noctu\/","name":"Noctu","description":"","publisher":{"@id":"https:\/\/www.foab.se\/noctu\/#organization"},"potentialAction":[{"@type":"SearchAction","target":{"@type":"EntryPoint","urlTemplate":"https:\/\/www.foab.se\/noctu\/?s={search_term_string}"},"query-input":"required name=search_term_string"}],"inLanguage":"sv-SE"},{"@type":"Organization","@id":"https:\/\/www.foab.se\/noctu\/#organization","name":"Noctu","url":"https:\/\/www.foab.se\/noctu\/","logo":{"@type":"ImageObject","inLanguage":"sv-SE","@id":"https:\/\/www.foab.se\/noctu\/#\/schema\/logo\/image\/","url":"https:\/\/www.foab.se\/noctu\/wp-content\/uploads\/2024\/04\/image-1024x347-1-edited.png","contentUrl":"https:\/\/www.foab.se\/noctu\/wp-content\/uploads\/2024\/04\/image-1024x347-1-edited.png","width":846,"height":287,"caption":"Noctu"},"image":{"@id":"https:\/\/www.foab.se\/noctu\/#\/schema\/logo\/image\/"}}]}},"_links":{"self":[{"href":"https:\/\/www.foab.se\/noctu\/index.php\/wp-json\/wp\/v2\/pages\/290"}],"collection":[{"href":"https:\/\/www.foab.se\/noctu\/index.php\/wp-json\/wp\/v2\/pages"}],"about":[{"href":"https:\/\/www.foab.se\/noctu\/index.php\/wp-json\/wp\/v2\/types\/page"}],"author":[{"embeddable":true,"href":"https:\/\/www.foab.se\/noctu\/index.php\/wp-json\/wp\/v2\/users\/2"}],"replies":[{"embeddable":true,"href":"https:\/\/www.foab.se\/noctu\/index.php\/wp-json\/wp\/v2\/comments?post=290"}],"version-history":[{"count":3,"href":"https:\/\/www.foab.se\/noctu\/index.php\/wp-json\/wp\/v2\/pages\/290\/revisions"}],"predecessor-version":[{"id":743,"href":"https:\/\/www.foab.se\/noctu\/index.php\/wp-json\/wp\/v2\/pages\/290\/revisions\/743"}],"wp:attachment":[{"href":"https:\/\/www.foab.se\/noctu\/index.php\/wp-json\/wp\/v2\/media?parent=290"}],"curies":[{"name":"wp","href":"https:\/\/api.w.org\/{rel}","templated":true}]}}