{"id":340,"date":"2024-03-07T09:28:54","date_gmt":"2024-03-07T08:28:54","guid":{"rendered":"https:\/\/www.foab.se\/nynoctu\/?page_id=340"},"modified":"2025-06-17T09:46:43","modified_gmt":"2025-06-17T07:46:43","slug":"teknik","status":"publish","type":"page","link":"https:\/\/www.foab.se\/noctu\/index.php\/teknik\/","title":{"rendered":"Teknik"},"content":{"rendered":"\n<p class=\"has-text-align-center\">Noctu \u00e4r ett modernt system som vi utvecklar med de senaste senaste utvecklingsverktygen. M\u00e5let \u00e4r en robust och s\u00e4ker plattform som \u00e4r enkel att underh\u00e5lla och administrera.<\/p>\n\n\n\n<div style=\"height:50px\" aria-hidden=\"true\" class=\"wp-block-spacer\"><\/div>\n\n\n\n<hr class=\"wp-block-separator alignwide has-text-color has-base-2-color has-alpha-channel-opacity has-base-2-background-color has-background is-style-wide\" style=\"margin-top:0;margin-bottom:0\"\/>\n\n\n\n<div class=\"wp-block-group alignfull has-accent-5-background-color has-background has-global-padding is-layout-constrained wp-block-group-is-layout-constrained\" style=\"margin-top:0;margin-bottom:0;padding-top:var(--wp--preset--spacing--50);padding-right:var(--wp--preset--spacing--50);padding-bottom:var(--wp--preset--spacing--50);padding-left:var(--wp--preset--spacing--50)\">\n<div class=\"wp-block-group alignwide has-global-padding is-layout-constrained wp-container-core-group-layout-1 wp-block-group-is-layout-constrained\">\n<div class=\"wp-block-columns alignwide is-layout-flex wp-container-core-columns-layout-1 wp-block-columns-is-layout-flex\">\n<div class=\"wp-block-column is-layout-flow wp-block-column-is-layout-flow\" style=\"flex-basis:50%\">\n<figure class=\"wp-block-image size-large is-style-rounded\"><img loading=\"lazy\" decoding=\"async\" width=\"1024\" height=\"483\" src=\"https:\/\/www.foab.se\/noctu\/wp-content\/uploads\/2024\/04\/shutterstock_2149099909-1024x483.jpg\" alt=\"\" class=\"wp-image-858\" srcset=\"https:\/\/www.foab.se\/noctu\/wp-content\/uploads\/2024\/04\/shutterstock_2149099909-1024x483.jpg 1024w, https:\/\/www.foab.se\/noctu\/wp-content\/uploads\/2024\/04\/shutterstock_2149099909-300x141.jpg 300w, https:\/\/www.foab.se\/noctu\/wp-content\/uploads\/2024\/04\/shutterstock_2149099909-768x362.jpg 768w, https:\/\/www.foab.se\/noctu\/wp-content\/uploads\/2024\/04\/shutterstock_2149099909-1536x724.jpg 1536w, https:\/\/www.foab.se\/noctu\/wp-content\/uploads\/2024\/04\/shutterstock_2149099909-2048x966.jpg 2048w\" sizes=\"(max-width: 1024px) 100vw, 1024px\" \/><\/figure>\n<\/div>\n\n\n\n<div class=\"wp-block-column is-vertically-aligned-center is-layout-flow wp-block-column-is-layout-flow\" style=\"flex-basis:40%\">\n<h3 class=\"wp-block-heading is-style-default has-body-font-family\"><strong>Client\/server struktur<\/strong><\/h3>\n\n\n\n<p>Noctu \u00e4r designat f\u00f6r att vara en smidig client\/server l\u00f6sning. Det inneb\u00e4r att en central server hanterar all kommunikation med underliggande system. Alla funktioner som k\u00f6rs p\u00e5 servern \u00e4r tj\u00e4nstebaserade och fungerar utm\u00e4rkt i virtualiserade milj\u00f6er som t.ex. Vmware ESX.<br><br>Klienterna \u00e4r program och ansluter endast till servern via n\u00e4tverket. Inga kr\u00e5ngliga databaskopplingar eller andra beroenden \u00e4r n\u00f6dv\u00e4ndiga.<br><br>Noctuservern kan k\u00f6ras lokalt eller i v\u00e5r molnl\u00f6sning, beroende p\u00e5 vad som passar er b\u00e4st.<\/p>\n<\/div>\n<\/div>\n<\/div>\n<\/div>\n\n\n\n<hr class=\"wp-block-separator alignwide has-text-color has-base-2-color has-alpha-channel-opacity has-base-2-background-color has-background is-style-wide\" style=\"margin-top:0;margin-bottom:0\"\/>\n\n\n\n<div class=\"wp-block-group alignfull has-background has-global-padding is-layout-constrained wp-block-group-is-layout-constrained\" style=\"background-color:#ffffff;margin-top:0;margin-bottom:0;padding-top:var(--wp--preset--spacing--50);padding-right:var(--wp--preset--spacing--50);padding-bottom:var(--wp--preset--spacing--50);padding-left:var(--wp--preset--spacing--50)\">\n<div class=\"wp-block-group alignwide has-global-padding is-layout-constrained wp-container-core-group-layout-3 wp-block-group-is-layout-constrained\">\n<div class=\"wp-block-columns alignwide is-layout-flex wp-container-core-columns-layout-2 wp-block-columns-is-layout-flex\">\n<div class=\"wp-block-column is-vertically-aligned-center is-layout-flow wp-block-column-is-layout-flow\" style=\"flex-basis:40%\">\n<h3 class=\"wp-block-heading is-style-default has-body-font-family\"><strong>H\u00e5rdvara och OS <\/strong><\/h3>\n\n\n\n<p>Noctu k\u00f6rs i Windowsmilj\u00f6 p\u00e5 Server OS 2016, 2019 eller 2022. Klienterna k\u00f6rs i Windows 10 eller 11. F\u00f6r servern r\u00e4cker en enkel kontorsserver f\u00f6r de flesta installationer men f\u00f6r lite h\u00f6gre drifts\u00e4kerhet rekommenderar vi en virtualiserad milj\u00f6.<br><br>Klienterna fungerar utm\u00e4rkt p\u00e5 vanliga kontorsmaskiner och kr\u00e4ver ingen extra h\u00e5rdvara.<\/p>\n<\/div>\n\n\n\n<div class=\"wp-block-column is-layout-flow wp-block-column-is-layout-flow\" style=\"flex-basis:50%\">\n<figure class=\"wp-block-image size-large is-style-rounded\"><img loading=\"lazy\" decoding=\"async\" width=\"1024\" height=\"681\" src=\"https:\/\/www.foab.se\/noctu\/wp-content\/uploads\/2024\/03\/shutterstock_260822264-scaled-1-1024x681.jpg\" alt=\"\" class=\"wp-image-674\" srcset=\"https:\/\/www.foab.se\/noctu\/wp-content\/uploads\/2024\/03\/shutterstock_260822264-scaled-1-1024x681.jpg 1024w, https:\/\/www.foab.se\/noctu\/wp-content\/uploads\/2024\/03\/shutterstock_260822264-scaled-1-300x200.jpg 300w, https:\/\/www.foab.se\/noctu\/wp-content\/uploads\/2024\/03\/shutterstock_260822264-scaled-1-768x511.jpg 768w, https:\/\/www.foab.se\/noctu\/wp-content\/uploads\/2024\/03\/shutterstock_260822264-scaled-1-1536x1022.jpg 1536w, https:\/\/www.foab.se\/noctu\/wp-content\/uploads\/2024\/03\/shutterstock_260822264-scaled-1-2048x1362.jpg 2048w\" sizes=\"(max-width: 1024px) 100vw, 1024px\" \/><\/figure>\n<\/div>\n<\/div>\n<\/div>\n<\/div>\n\n\n\n<hr class=\"wp-block-separator alignwide has-text-color has-base-2-color has-alpha-channel-opacity has-base-2-background-color has-background is-style-wide\" style=\"margin-top:0;margin-bottom:0\"\/>\n\n\n\n<div class=\"wp-block-group alignfull has-accent-5-background-color has-background has-global-padding is-layout-constrained wp-block-group-is-layout-constrained\" style=\"margin-top:0;margin-bottom:0;padding-top:var(--wp--preset--spacing--50);padding-right:var(--wp--preset--spacing--50);padding-bottom:var(--wp--preset--spacing--50);padding-left:var(--wp--preset--spacing--50)\">\n<div class=\"wp-block-group alignwide has-global-padding is-layout-constrained wp-container-core-group-layout-5 wp-block-group-is-layout-constrained\">\n<div class=\"wp-block-columns alignwide is-layout-flex wp-container-core-columns-layout-3 wp-block-columns-is-layout-flex\">\n<div class=\"wp-block-column is-layout-flow wp-block-column-is-layout-flow\" style=\"flex-basis:50%\">\n<figure class=\"wp-block-image size-large is-style-rounded\"><img loading=\"lazy\" decoding=\"async\" width=\"1024\" height=\"576\" src=\"https:\/\/www.foab.se\/noctu\/wp-content\/uploads\/2024\/04\/shutterstock_2214691835-1024x576.jpg\" alt=\"\" class=\"wp-image-859\" srcset=\"https:\/\/www.foab.se\/noctu\/wp-content\/uploads\/2024\/04\/shutterstock_2214691835-1024x576.jpg 1024w, https:\/\/www.foab.se\/noctu\/wp-content\/uploads\/2024\/04\/shutterstock_2214691835-300x169.jpg 300w, https:\/\/www.foab.se\/noctu\/wp-content\/uploads\/2024\/04\/shutterstock_2214691835-768x432.jpg 768w, https:\/\/www.foab.se\/noctu\/wp-content\/uploads\/2024\/04\/shutterstock_2214691835-1536x864.jpg 1536w, https:\/\/www.foab.se\/noctu\/wp-content\/uploads\/2024\/04\/shutterstock_2214691835-2048x1153.jpg 2048w\" sizes=\"(max-width: 1024px) 100vw, 1024px\" \/><\/figure>\n<\/div>\n\n\n\n<div class=\"wp-block-column is-vertically-aligned-center is-layout-flow wp-block-column-is-layout-flow\" style=\"flex-basis:40%\">\n<h3 class=\"wp-block-heading is-style-default has-body-font-family\"><strong>En oberoende design<\/strong><\/h3>\n\n\n\n<p>Tack vare att vi inte anv\u00e4nder oss av verktyg som Java eller .NET \u00e4r Noctu inte utsatt f\u00f6r s\u00e4kerhetsproblem eller uppdateringar av kodbibliotek. All data lagras i en enkel och smidig SQL-databas som f\u00f6ljer med vid leverans. Efter installation \u00e4r den helt underh\u00e5llsfri och belastar inte IT-avdelningens budget.<\/p>\n<\/div>\n<\/div>\n<\/div>\n<\/div>\n\n\n\n<hr class=\"wp-block-separator alignwide has-text-color has-base-2-color has-alpha-channel-opacity has-base-2-background-color has-background is-style-wide\" style=\"margin-top:0;margin-bottom:0\"\/>\n\n\n\n<div class=\"wp-block-group alignfull has-background has-global-padding is-layout-constrained wp-block-group-is-layout-constrained\" style=\"background-color:#ffffff;margin-top:0;margin-bottom:0;padding-top:var(--wp--preset--spacing--50);padding-right:var(--wp--preset--spacing--50);padding-bottom:var(--wp--preset--spacing--50);padding-left:var(--wp--preset--spacing--50)\">\n<div class=\"wp-block-group alignwide has-global-padding is-layout-constrained wp-container-core-group-layout-7 wp-block-group-is-layout-constrained\">\n<div class=\"wp-block-columns alignwide is-layout-flex wp-container-core-columns-layout-4 wp-block-columns-is-layout-flex\">\n<div class=\"wp-block-column is-vertically-aligned-center is-layout-flow wp-block-column-is-layout-flow\" style=\"flex-basis:40%\">\n<h3 class=\"wp-block-heading is-style-default has-body-font-family\"><strong>Upptid och underh\u00e5ll<\/strong> <\/h3>\n\n\n\n<p>Noctuservern har en upptid p\u00e5 \u00f6ver 99,8% hos v\u00e5ra referenskunder. Den kan k\u00f6ra i m\u00e5nader utan att beh\u00f6va startas om, och vanligaste anledning till stopp \u00e4r att Microsoft har uppdateringar f\u00f6r Windows.<br><br>Vi sl\u00e4pper uppdateringar till Noctu ca 1-3 g\u00e5nger per \u00e5r, beroende av vad vi har utvecklat och vad kunder efterfr\u00e5gar. Varje uppdatering ers\u00e4tter alla tidigare och man beh\u00f6ver allts\u00e5 inte ta alla uppdateringar i r\u00e4tt f\u00f6ljd, utan kan hoppa \u00f6ver flera om det inte finns behov f\u00f6r dem.<br><br>En uppdatering tar oftast endast n\u00e5gra minuter att utf\u00f6ra och alla versioner finns tillg\u00e4ngliga f\u00f6r registrerade kunder under <a href=\"https:\/\/www.foab.se\/noctu\/index.php\/nedladdning\/\" data-type=\"page\" data-id=\"26\">nedladdning<\/a>.<\/p>\n<\/div>\n\n\n\n<div class=\"wp-block-column is-layout-flow wp-block-column-is-layout-flow\" style=\"flex-basis:50%\">\n<figure class=\"wp-block-image size-large is-style-rounded\"><img loading=\"lazy\" decoding=\"async\" width=\"1024\" height=\"815\" src=\"https:\/\/www.foab.se\/noctu\/wp-content\/uploads\/2024\/04\/shutterstock_1210893478-1024x815.jpg\" alt=\"\" class=\"wp-image-860\" srcset=\"https:\/\/www.foab.se\/noctu\/wp-content\/uploads\/2024\/04\/shutterstock_1210893478-1024x815.jpg 1024w, https:\/\/www.foab.se\/noctu\/wp-content\/uploads\/2024\/04\/shutterstock_1210893478-300x239.jpg 300w, https:\/\/www.foab.se\/noctu\/wp-content\/uploads\/2024\/04\/shutterstock_1210893478-768x611.jpg 768w, https:\/\/www.foab.se\/noctu\/wp-content\/uploads\/2024\/04\/shutterstock_1210893478-1536x1223.jpg 1536w, https:\/\/www.foab.se\/noctu\/wp-content\/uploads\/2024\/04\/shutterstock_1210893478-2048x1630.jpg 2048w\" sizes=\"(max-width: 1024px) 100vw, 1024px\" \/><\/figure>\n<\/div>\n<\/div>\n<\/div>\n<\/div>\n\n\n\n<hr class=\"wp-block-separator alignwide has-text-color has-base-2-color has-alpha-channel-opacity has-base-2-background-color has-background is-style-wide\" style=\"margin-top:0;margin-bottom:0\"\/>\n\n\n\n<div class=\"wp-block-group alignfull has-accent-5-background-color has-background has-global-padding is-layout-constrained wp-block-group-is-layout-constrained\" style=\"margin-top:0;margin-bottom:0;padding-top:var(--wp--preset--spacing--50);padding-right:var(--wp--preset--spacing--50);padding-bottom:var(--wp--preset--spacing--50);padding-left:var(--wp--preset--spacing--50)\">\n<div class=\"wp-block-group alignwide has-global-padding is-layout-constrained wp-container-core-group-layout-9 wp-block-group-is-layout-constrained\">\n<div class=\"wp-block-columns alignwide is-layout-flex wp-container-core-columns-layout-5 wp-block-columns-is-layout-flex\">\n<div class=\"wp-block-column is-layout-flow wp-block-column-is-layout-flow\" style=\"flex-basis:50%\">\n<figure class=\"wp-block-image size-large is-style-rounded\"><img loading=\"lazy\" decoding=\"async\" width=\"1024\" height=\"512\" src=\"https:\/\/www.foab.se\/noctu\/wp-content\/uploads\/2024\/04\/shutterstock_2271934177-1024x512.jpg\" alt=\"\" class=\"wp-image-862\" srcset=\"https:\/\/www.foab.se\/noctu\/wp-content\/uploads\/2024\/04\/shutterstock_2271934177-1024x512.jpg 1024w, https:\/\/www.foab.se\/noctu\/wp-content\/uploads\/2024\/04\/shutterstock_2271934177-300x150.jpg 300w, https:\/\/www.foab.se\/noctu\/wp-content\/uploads\/2024\/04\/shutterstock_2271934177-768x384.jpg 768w, https:\/\/www.foab.se\/noctu\/wp-content\/uploads\/2024\/04\/shutterstock_2271934177-1536x768.jpg 1536w, https:\/\/www.foab.se\/noctu\/wp-content\/uploads\/2024\/04\/shutterstock_2271934177-2048x1024.jpg 2048w\" sizes=\"(max-width: 1024px) 100vw, 1024px\" \/><\/figure>\n<\/div>\n\n\n\n<div class=\"wp-block-column is-vertically-aligned-center is-layout-flow wp-block-column-is-layout-flow\" style=\"flex-basis:40%\">\n<h3 class=\"wp-block-heading is-style-default has-body-font-family\"><strong>Enkel konfiguration<\/strong><\/h3>\n\n\n\n<p>Sj\u00e4lvklart kan system\u00e4gare och installat\u00f6rer sj\u00e4lva konfigurera anl\u00e4ggningen. Att \u00e4ndra objekt och l\u00e4gga till nya funktioner osv. \u00e4r mycket enkelt. <\/p>\n\n\n\n<p>Vi ser det som en naturlig sak att inte vara bunden till en leverant\u00f6r och att sj\u00e4lva ha r\u00e4ttigheterna att \u00e4ndra och justera anl\u00e4ggningen i takt med sin verksamhet.<\/p>\n<\/div>\n<\/div>\n<\/div>\n<\/div>\n\n\n\n<hr class=\"wp-block-separator alignwide has-text-color has-base-2-color has-alpha-channel-opacity has-base-2-background-color has-background is-style-wide\" style=\"margin-top:0;margin-bottom:0\"\/>\n\n\n\n<div class=\"wp-block-group alignfull has-background has-global-padding is-layout-constrained wp-block-group-is-layout-constrained\" style=\"background-color:#ffffff;margin-top:0;margin-bottom:0;padding-top:var(--wp--preset--spacing--50);padding-right:var(--wp--preset--spacing--50);padding-bottom:var(--wp--preset--spacing--50);padding-left:var(--wp--preset--spacing--50)\">\n<div class=\"wp-block-group alignwide has-global-padding is-layout-constrained wp-container-core-group-layout-11 wp-block-group-is-layout-constrained\">\n<div class=\"wp-block-columns alignwide is-layout-flex wp-container-core-columns-layout-6 wp-block-columns-is-layout-flex\">\n<div class=\"wp-block-column is-vertically-aligned-center is-layout-flow wp-block-column-is-layout-flow\" style=\"flex-basis:40%\">\n<h3 class=\"wp-block-heading is-style-default has-body-font-family\"><strong>Licensmodell<\/strong> <\/h3>\n\n\n\n<p>Noctus licensmodell bygger p\u00e5 enkelhet och att man endast betalar f\u00f6r det som anv\u00e4nds. V\u00e5ra licensint\u00e4kter anv\u00e4nds till att dagligen utveckla Noctu och investera i ny teknik som kommer v\u00e5ra kunder tillgodo.<\/p>\n\n\n\n<div class=\"wp-block-buttons is-layout-flex wp-block-buttons-is-layout-flex\">\n<div class=\"wp-block-button has-custom-font-size has-small-font-size\"><a class=\"wp-block-button__link has-contrast-background-color has-background wp-element-button\" href=\"https:\/\/www.foab.se\/noctu\/index.php\/licensmodell\/\" style=\"padding-top:0.1rem;padding-right:var(--wp--preset--spacing--20);padding-bottom:0.1rem;padding-left:var(--wp--preset--spacing--20)\">L\u00e4s mer<\/a><\/div>\n<\/div>\n<\/div>\n\n\n\n<div class=\"wp-block-column is-layout-flow wp-block-column-is-layout-flow\" style=\"flex-basis:50%\">\n<figure class=\"wp-block-image size-large is-style-rounded\"><img loading=\"lazy\" decoding=\"async\" width=\"1024\" height=\"446\" src=\"https:\/\/www.foab.se\/noctu\/wp-content\/uploads\/2024\/04\/shutterstock_1408217882-1024x446.jpg\" alt=\"\" class=\"wp-image-863\" srcset=\"https:\/\/www.foab.se\/noctu\/wp-content\/uploads\/2024\/04\/shutterstock_1408217882-1024x446.jpg 1024w, https:\/\/www.foab.se\/noctu\/wp-content\/uploads\/2024\/04\/shutterstock_1408217882-300x131.jpg 300w, https:\/\/www.foab.se\/noctu\/wp-content\/uploads\/2024\/04\/shutterstock_1408217882-768x334.jpg 768w, https:\/\/www.foab.se\/noctu\/wp-content\/uploads\/2024\/04\/shutterstock_1408217882-1536x669.jpg 1536w, https:\/\/www.foab.se\/noctu\/wp-content\/uploads\/2024\/04\/shutterstock_1408217882-2048x892.jpg 2048w\" sizes=\"(max-width: 1024px) 100vw, 1024px\" \/><\/figure>\n<\/div>\n<\/div>\n<\/div>\n<\/div>\n","protected":false},"excerpt":{"rendered":"<p>Noctu \u00e4r ett modernt system som vi utvecklar med de senaste senaste utvecklingsverktygen. M\u00e5let \u00e4r en robust och s\u00e4ker plattform som \u00e4r enkel att underh\u00e5lla och administrera. Client\/server struktur Noctu \u00e4r designat f\u00f6r att vara en smidig client\/server l\u00f6sning. Det inneb\u00e4r att en central server hanterar all kommunikation med underliggande system. Alla funktioner som k\u00f6rs [&hellip;]<\/p>\n","protected":false},"author":2,"featured_media":0,"parent":0,"menu_order":0,"comment_status":"closed","ping_status":"closed","template":"","meta":{"om_disable_all_campaigns":false,"_monsterinsights_skip_tracking":false,"_monsterinsights_sitenote_active":false,"_monsterinsights_sitenote_note":"","_monsterinsights_sitenote_category":0,"_uf_show_specific_survey":0,"_uf_disable_surveys":false,"footnotes":""},"aioseo_notices":[],"yoast_head":"<!-- This site is optimized with the Yoast SEO plugin v22.3 - https:\/\/yoast.com\/wordpress\/plugins\/seo\/ -->\n<title>Teknik - Noctu<\/title>\n<meta name=\"robots\" content=\"index, follow, max-snippet:-1, max-image-preview:large, max-video-preview:-1\" \/>\n<link rel=\"canonical\" href=\"https:\/\/www.foab.se\/noctu\/index.php\/teknik\/\" \/>\n<meta property=\"og:locale\" content=\"sv_SE\" \/>\n<meta property=\"og:type\" content=\"article\" \/>\n<meta property=\"og:title\" content=\"Teknik - Noctu\" \/>\n<meta property=\"og:description\" content=\"Noctu \u00e4r ett modernt system som vi utvecklar med de senaste senaste utvecklingsverktygen. M\u00e5let \u00e4r en robust och s\u00e4ker plattform som \u00e4r enkel att underh\u00e5lla och administrera. Client\/server struktur Noctu \u00e4r designat f\u00f6r att vara en smidig client\/server l\u00f6sning. Det inneb\u00e4r att en central server hanterar all kommunikation med underliggande system. Alla funktioner som k\u00f6rs [&hellip;]\" \/>\n<meta property=\"og:url\" content=\"https:\/\/www.foab.se\/noctu\/index.php\/teknik\/\" \/>\n<meta property=\"og:site_name\" content=\"Noctu\" \/>\n<meta property=\"article:modified_time\" content=\"2025-06-17T07:46:43+00:00\" \/>\n<meta property=\"og:image\" content=\"https:\/\/www.foab.se\/noctu\/wp-content\/uploads\/2024\/04\/shutterstock_2149099909-1024x483.jpg\" \/>\n<meta name=\"twitter:card\" content=\"summary_large_image\" \/>\n<meta name=\"twitter:label1\" content=\"Ber\u00e4knad l\u00e4stid\" \/>\n\t<meta name=\"twitter:data1\" content=\"4 minuter\" \/>\n<script type=\"application\/ld+json\" class=\"yoast-schema-graph\">{\"@context\":\"https:\/\/schema.org\",\"@graph\":[{\"@type\":\"WebPage\",\"@id\":\"https:\/\/www.foab.se\/noctu\/index.php\/teknik\/\",\"url\":\"https:\/\/www.foab.se\/noctu\/index.php\/teknik\/\",\"name\":\"Teknik - Noctu\",\"isPartOf\":{\"@id\":\"https:\/\/www.foab.se\/noctu\/#website\"},\"primaryImageOfPage\":{\"@id\":\"https:\/\/www.foab.se\/noctu\/index.php\/teknik\/#primaryimage\"},\"image\":{\"@id\":\"https:\/\/www.foab.se\/noctu\/index.php\/teknik\/#primaryimage\"},\"thumbnailUrl\":\"https:\/\/www.foab.se\/noctu\/wp-content\/uploads\/2024\/04\/shutterstock_2149099909-1024x483.jpg\",\"datePublished\":\"2024-03-07T08:28:54+00:00\",\"dateModified\":\"2025-06-17T07:46:43+00:00\",\"breadcrumb\":{\"@id\":\"https:\/\/www.foab.se\/noctu\/index.php\/teknik\/#breadcrumb\"},\"inLanguage\":\"sv-SE\",\"potentialAction\":[{\"@type\":\"ReadAction\",\"target\":[\"https:\/\/www.foab.se\/noctu\/index.php\/teknik\/\"]}]},{\"@type\":\"ImageObject\",\"inLanguage\":\"sv-SE\",\"@id\":\"https:\/\/www.foab.se\/noctu\/index.php\/teknik\/#primaryimage\",\"url\":\"https:\/\/www.foab.se\/noctu\/wp-content\/uploads\/2024\/04\/shutterstock_2149099909-scaled.jpg\",\"contentUrl\":\"https:\/\/www.foab.se\/noctu\/wp-content\/uploads\/2024\/04\/shutterstock_2149099909-scaled.jpg\",\"width\":2560,\"height\":1207},{\"@type\":\"BreadcrumbList\",\"@id\":\"https:\/\/www.foab.se\/noctu\/index.php\/teknik\/#breadcrumb\",\"itemListElement\":[{\"@type\":\"ListItem\",\"position\":1,\"name\":\"Home\",\"item\":\"https:\/\/www.foab.se\/noctu\/\"},{\"@type\":\"ListItem\",\"position\":2,\"name\":\"Teknik\"}]},{\"@type\":\"WebSite\",\"@id\":\"https:\/\/www.foab.se\/noctu\/#website\",\"url\":\"https:\/\/www.foab.se\/noctu\/\",\"name\":\"Noctu\",\"description\":\"\",\"publisher\":{\"@id\":\"https:\/\/www.foab.se\/noctu\/#organization\"},\"potentialAction\":[{\"@type\":\"SearchAction\",\"target\":{\"@type\":\"EntryPoint\",\"urlTemplate\":\"https:\/\/www.foab.se\/noctu\/?s={search_term_string}\"},\"query-input\":\"required name=search_term_string\"}],\"inLanguage\":\"sv-SE\"},{\"@type\":\"Organization\",\"@id\":\"https:\/\/www.foab.se\/noctu\/#organization\",\"name\":\"Noctu\",\"url\":\"https:\/\/www.foab.se\/noctu\/\",\"logo\":{\"@type\":\"ImageObject\",\"inLanguage\":\"sv-SE\",\"@id\":\"https:\/\/www.foab.se\/noctu\/#\/schema\/logo\/image\/\",\"url\":\"https:\/\/www.foab.se\/noctu\/wp-content\/uploads\/2024\/04\/image-1024x347-1-edited.png\",\"contentUrl\":\"https:\/\/www.foab.se\/noctu\/wp-content\/uploads\/2024\/04\/image-1024x347-1-edited.png\",\"width\":846,\"height\":287,\"caption\":\"Noctu\"},\"image\":{\"@id\":\"https:\/\/www.foab.se\/noctu\/#\/schema\/logo\/image\/\"}}]}<\/script>\n<!-- \/ Yoast SEO plugin. -->","yoast_head_json":{"title":"Teknik - Noctu","robots":{"index":"index","follow":"follow","max-snippet":"max-snippet:-1","max-image-preview":"max-image-preview:large","max-video-preview":"max-video-preview:-1"},"canonical":"https:\/\/www.foab.se\/noctu\/index.php\/teknik\/","og_locale":"sv_SE","og_type":"article","og_title":"Teknik - Noctu","og_description":"Noctu \u00e4r ett modernt system som vi utvecklar med de senaste senaste utvecklingsverktygen. M\u00e5let \u00e4r en robust och s\u00e4ker plattform som \u00e4r enkel att underh\u00e5lla och administrera. Client\/server struktur Noctu \u00e4r designat f\u00f6r att vara en smidig client\/server l\u00f6sning. Det inneb\u00e4r att en central server hanterar all kommunikation med underliggande system. Alla funktioner som k\u00f6rs [&hellip;]","og_url":"https:\/\/www.foab.se\/noctu\/index.php\/teknik\/","og_site_name":"Noctu","article_modified_time":"2025-06-17T07:46:43+00:00","og_image":[{"url":"https:\/\/www.foab.se\/noctu\/wp-content\/uploads\/2024\/04\/shutterstock_2149099909-1024x483.jpg"}],"twitter_card":"summary_large_image","twitter_misc":{"Ber\u00e4knad l\u00e4stid":"4 minuter"},"schema":{"@context":"https:\/\/schema.org","@graph":[{"@type":"WebPage","@id":"https:\/\/www.foab.se\/noctu\/index.php\/teknik\/","url":"https:\/\/www.foab.se\/noctu\/index.php\/teknik\/","name":"Teknik - Noctu","isPartOf":{"@id":"https:\/\/www.foab.se\/noctu\/#website"},"primaryImageOfPage":{"@id":"https:\/\/www.foab.se\/noctu\/index.php\/teknik\/#primaryimage"},"image":{"@id":"https:\/\/www.foab.se\/noctu\/index.php\/teknik\/#primaryimage"},"thumbnailUrl":"https:\/\/www.foab.se\/noctu\/wp-content\/uploads\/2024\/04\/shutterstock_2149099909-1024x483.jpg","datePublished":"2024-03-07T08:28:54+00:00","dateModified":"2025-06-17T07:46:43+00:00","breadcrumb":{"@id":"https:\/\/www.foab.se\/noctu\/index.php\/teknik\/#breadcrumb"},"inLanguage":"sv-SE","potentialAction":[{"@type":"ReadAction","target":["https:\/\/www.foab.se\/noctu\/index.php\/teknik\/"]}]},{"@type":"ImageObject","inLanguage":"sv-SE","@id":"https:\/\/www.foab.se\/noctu\/index.php\/teknik\/#primaryimage","url":"https:\/\/www.foab.se\/noctu\/wp-content\/uploads\/2024\/04\/shutterstock_2149099909-scaled.jpg","contentUrl":"https:\/\/www.foab.se\/noctu\/wp-content\/uploads\/2024\/04\/shutterstock_2149099909-scaled.jpg","width":2560,"height":1207},{"@type":"BreadcrumbList","@id":"https:\/\/www.foab.se\/noctu\/index.php\/teknik\/#breadcrumb","itemListElement":[{"@type":"ListItem","position":1,"name":"Home","item":"https:\/\/www.foab.se\/noctu\/"},{"@type":"ListItem","position":2,"name":"Teknik"}]},{"@type":"WebSite","@id":"https:\/\/www.foab.se\/noctu\/#website","url":"https:\/\/www.foab.se\/noctu\/","name":"Noctu","description":"","publisher":{"@id":"https:\/\/www.foab.se\/noctu\/#organization"},"potentialAction":[{"@type":"SearchAction","target":{"@type":"EntryPoint","urlTemplate":"https:\/\/www.foab.se\/noctu\/?s={search_term_string}"},"query-input":"required name=search_term_string"}],"inLanguage":"sv-SE"},{"@type":"Organization","@id":"https:\/\/www.foab.se\/noctu\/#organization","name":"Noctu","url":"https:\/\/www.foab.se\/noctu\/","logo":{"@type":"ImageObject","inLanguage":"sv-SE","@id":"https:\/\/www.foab.se\/noctu\/#\/schema\/logo\/image\/","url":"https:\/\/www.foab.se\/noctu\/wp-content\/uploads\/2024\/04\/image-1024x347-1-edited.png","contentUrl":"https:\/\/www.foab.se\/noctu\/wp-content\/uploads\/2024\/04\/image-1024x347-1-edited.png","width":846,"height":287,"caption":"Noctu"},"image":{"@id":"https:\/\/www.foab.se\/noctu\/#\/schema\/logo\/image\/"}}]}},"_links":{"self":[{"href":"https:\/\/www.foab.se\/noctu\/index.php\/wp-json\/wp\/v2\/pages\/340"}],"collection":[{"href":"https:\/\/www.foab.se\/noctu\/index.php\/wp-json\/wp\/v2\/pages"}],"about":[{"href":"https:\/\/www.foab.se\/noctu\/index.php\/wp-json\/wp\/v2\/types\/page"}],"author":[{"embeddable":true,"href":"https:\/\/www.foab.se\/noctu\/index.php\/wp-json\/wp\/v2\/users\/2"}],"replies":[{"embeddable":true,"href":"https:\/\/www.foab.se\/noctu\/index.php\/wp-json\/wp\/v2\/comments?post=340"}],"version-history":[{"count":5,"href":"https:\/\/www.foab.se\/noctu\/index.php\/wp-json\/wp\/v2\/pages\/340\/revisions"}],"predecessor-version":[{"id":941,"href":"https:\/\/www.foab.se\/noctu\/index.php\/wp-json\/wp\/v2\/pages\/340\/revisions\/941"}],"wp:attachment":[{"href":"https:\/\/www.foab.se\/noctu\/index.php\/wp-json\/wp\/v2\/media?parent=340"}],"curies":[{"name":"wp","href":"https:\/\/api.w.org\/{rel}","templated":true}]}}